ppose 1 = 4*w - 15. What is the units digit of y(w)?
1
Let p be (-10)/(-3) + 6/9. Suppose -2*y - 18 = p. What is the units digit of 24/11 - (-2)/y?
2
Let v = 6 + -3. Suppose -65 = -v*a - 2*a. What is the units digit of a?
3
Suppose o = 2*b - 187, 4*o + 279 = 3*b + o. What is the units digit of b?
4
Suppose 2*k + 32 = 3*k. What is the tens digit of k?
3
Suppose -m = -f + 84, -7*f + 3*f - 5*m + 318 = 0. Suppose 4*p - f = 2*p. What is the units digit of p?
1
Suppose s = -2*s + 6. Suppose 14 = -2*q + s. What is the tens digit of (-4)/5*75/q?
1
Let d be (-11)/(-3) - 2/(-6). Suppose 2*l + 7*c = 2*c + 42, -2*c = d*l - 68. What is the tens digit of l?
1
Suppose 6*h + 5 = h. Let o = h - -2. Let s = o + 0. What is the units digit of s?
1
Suppose 4*z - z - 2 = -4*k, 5*z - 2*k = 12. Suppose 0 = -5*r - 69 + 174. Suppose -z*d = d - r. What is the units digit of d?
7
Let r be (-1)/(-1) + -1 + 0. Let m be (2 - r)*(-15 + 2). What is the units digit of -7*(1 - m/(-14))?
6
Let q be (20/(-12))/((-2)/6). Suppose -q*x + 2*x = -2*a - 19, -5*x + a + 34 = 0. Let b = 0 + x. What is the units digit of b?
7
Let i = 0 - -4. Suppose 5*h + 11 = i*a, -a - 3*h = -2*a + 1. Suppose 0 = -4*s + 2*o + 40, -a = 4*o - 20. What is the units digit of s?
2
Let j(i) = -6*i + 1. Let w be (-2)/(-1) - (9 - 6). What is the units digit of j(w)?
7
Suppose 8 = 3*j + 5*u - 77, 3*j - 73 = u. Suppose 1 = 3*x - 5*g + 6, x - j = -5*g. Suppose 1 - 6 = -x*q. What is the units digit of q?
1
Let b(a) = -4 + 4*a - 2*a + a**3 - 4*a**2 + a**2. Let j be b(3). Suppose -3*g - 3*i + 6 = 0, 5*g + 3*i - 10 = j*i. What is the units digit of g?
2
Let k(m) be the second derivative of -5*m**4/6 - 2*m**3/3 - 3*m**2/2 - 2*m. Let v be k(-2). Let j = -21 - v. What is the tens digit of j?
1
Let i(f) = -f - 1. Let k(m) = m**3 - 10*m**2 + 3*m + 7. Let t(y) = 3*i(y) - k(y). What is the tens digit of t(9)?
1
Let u be 3*(3 - (-8)/12). Let b = u + -4. What is the units digit of b?
7
Suppose -4 = -4*p, 5*h - 2*p + 65 = 2*h. Suppose 4*u = m + 96 - 18, 0 = 5*u - 2*m - 96. What is the tens digit of h*(u/6)/(-5)?
1
Let u(l) = l**3 + 6*l**2 - 16*l - 11. What is the tens digit of u(-7)?
5
Let w(s) = -3*s - 5. Let u be w(-4). Let a = u + 0. What is the units digit of a?
7
Let v(x) = -x**3 - 12*x**2 + 4. Let m be v(-12). Suppose m*s + 14 = g, -3*g + 0*s + 42 = 4*s. What is the tens digit of g?
1
Suppose 6*f - 3*f - 96 = 0. What is the tens digit of f?
3
Suppose -4*r - 28 = -12. Let s = r - 37. What is the units digit of (-2)/10 + s/(-5)?
8
Let z(k) = k - 5. Let i be z(4). Let f = i - -7. What is the tens digit of f/(-9) - (-123)/9?
1
Suppose -l = 4*w + 19, 20 = 5*l - w - 2*w. Suppose -5*c + l = -4. What is the units digit of c?
1
Suppose -2*y + 99 = -3. What is the units digit of y?
1
Let d = 3 + 3. Suppose 3 = 3*j - d. Suppose 5*i - 29 = -j*a, -5*i - 25 - 37 = -4*a. What is the tens digit of a?
1
Suppose -5*d = -5*n - 25, 2*n = -0*n - 3*d + 5. Let v be (-56)/(-12)*9/n. Let u = -7 - v. What is the units digit of u?
4
Suppose 3*y = 2*y + 2*c - 10, y - 4*c + 14 = 0. Let g = 2 - y. What is the units digit of g?
8
Let i(y) = -4*y - 6. What is the tens digit of i(-6)?
1
Let o be -2 + (2 - -3) + 21. Let k = 36 - o. What is the units digit of k?
2
Suppose -6 + 1 = 5*j. Let s = 1 - j. Let p = s - 1. What is the units digit of p?
1
Let f(v) = 2*v**3 - 4*v**2 + 4*v - 2. Suppose 5*n - 3*a - a = -6, -3*n + 2 = -a. What is the units digit of f(n)?
6
What is the tens digit of (-8)/6*(-12 - 9)?
2
Let a = -1 + 15. What is the tens digit of (-273)/26*(-48)/a?
3
Let u(v) = v**3 - v**2. Let o be u(1). Let b = o + -2. Let r(q) = -3*q - 3. What is the units digit of r(b)?
3
Suppose 0 = 3*h - 25 + 7. Suppose -3*j = -12, j - h = -3*t + 7. What is the units digit of (-2 + t)/((-1)/(-9))?
9
Let o be (-2)/(-4)*6 + 1. Suppose -25 = -5*j - 5*w, -o*w + 20 = -j - 4*j. What is the units digit of (4 + -6)/(-1 + j)?
2
Suppose 0 = 2*h - 8, t - 3*h = 4*t - 6. What is the units digit of 10 - (t + 1 + 3)?
8
Let t be (-4)/10 + (-32)/(-5). Suppose -t*j + 2*j = -g - 57, -2*j - 3*g = -11. What is the tens digit of j?
1
Let d(g) = g**2 + 5*g + 4. Let t = 13 - 18. Let p(x) = 2*x + 5. Let l be p(t). What is the units digit of d(l)?
4
Suppose -2*o - g + 61 - 25 = 0, -68 = -3*o - 5*g. What is the tens digit of o?
1
Let v(x) = -x - 1. Let j be v(3). Let k = 9 + j. Suppose -2*p = 3*p - k. What is the units digit of p?
1
Let i be 5/2 - 2/(-4). Let h(p) = -i*p**2 - 3*p**3 + 12 - 12. What is the tens digit of h(-2)?
1
Let h(w) = w - 4*w - w**2 + 1 + 0*w + 3*w**2. Let x be h(2). Suppose 0 = -x*t - 0*t + 4*u + 17, u + 7 = t. What is the units digit of t?
1
Let f = 40 - 7. What is the tens digit of f?
3
Let d(i) = 2 + 7*i - 2*i - 4*i. Suppose -3*z - 4*g + 19 = -2*g, g = 4*z - 18. What is the units digit of d(z)?
7
Suppose 2*x + 8 = 5*u - 0, 11 = 4*u + 3*x. What is the tens digit of 20 + (-6)/((-4)/u)?
2
Let q = -46 - -65. Let a = q + -3. What is the tens digit of a?
1
Let f be (6 - 3)/(1/2). Let a be (-27)/6*(-4)/f. What is the units digit of 27/(-12)*(-8)/a?
6
Let n(h) = -h + 11*h + 13 + 2 - 5 - h**2. What is the tens digit of n(10)?
1
Suppose 6*x = 2*x + 4. What is the units digit of (x/(2/26))/1?
3
Suppose j - 19 = -4*n, -2*n + 0*n = 4*j - 6. Let g be 8/(-3) - j/(-3). What is the units digit of (-19)/g - (-2)/(-6)?
6
Suppose 2*m - 3 - 1 = 0. Suppose f = 2*q + 15, m*q + 0 = -2*f + 24. What is the tens digit of f?
1
Let n(h) = h**3 - 5*h**2 - 4*h - 7. Let d(w) = -w**3 + 2*w**2 + 2. Let l be d(2). Suppose -2*v = -3*x - 27, v = -v - 2*x + l. What is the units digit of n(v)?
5
Let d(k) = 8*k - 15. What is the units digit of d(21)?
3
Suppose 0 = 5*t - 5*c - 35, -4*t + c = 2*c - 8. Suppose -7*f + t*f + 3*x + 3 = 0, -x = -4*f + 9. What is the units digit of f?
3
Suppose 3*l = 5*l - 78. Suppose -l = -3*b - 4*g + 6*g, -51 = -4*b + 3*g. What is the tens digit of b?
1
Let w(h) = -h**3 - 9*h**2 + 8*h + 1. What is the units digit of w(-10)?
1
Let m be (4/2 - 2) + 5. Suppose q - 10 = -b - 0, m*b = -2*q + 14. What is the tens digit of q?
1
Let u(i) = -2*i - 1. Let b be u(7). What is the units digit of (3/4)/(b/(-40))?
2
Suppose -3*t + 6*t = 873. What is the hundreds digit of t?
2
Suppose -4*v + 177 = 737. Let c = v - -196. Suppose 0 = -4*i - 0*i + c. What is the units digit of i?
4
Suppose 219 = 6*d + 57. What is the tens digit of d?
2
Let w = -8 - -10. Suppose -5*n = -w*n - 12. What is the units digit of n?
4
Let v = -370 + 631. What is the hundreds digit of v?
2
Let c = 20 + -38. What is the tens digit of (c/12)/(1/(-12))?
1
Let n(z) = -z**3 - 7*z**2 - 7*z + 4. What is the tens digit of n(-6)?
1
Let b(q) = -q**2 - 3*q - 4. Let i(w) = 3*w**2 + 8*w + 12. Let g(o) = 17*b(o) + 6*i(o). What is the units digit of g(4)?
8
Let o(r) = -r + 1. Let a be o(-7). Suppose 3*m - a*m + 115 = 0. What is the units digit of m?
3
Let c(l) = 38*l**3 + 5*l**2 - 6*l + 1. Let u(p) = -p**3 - p**2 + p. Let t(j) = -c(j) - 6*u(j). What is the units digit of t(-1)?
2
Let y = 376 - 234. What is the hundreds digit of y?
1
Let g(t) = -t**2 - 18*t - 1. Let m be g(-14). Suppose -5*q + 2 = -4*q. Suppose 3*n - q = m. What is the units digit of n?
9
Suppose z = 5*m - 28, m + 4*z + 16 = 5*m. Suppose 12 = 2*t + d, -t - 4 = -m*t + 4*d. Let q = 10 - t. What is the units digit of q?
6
Let d = 0 - -99. What is the tens digit of d?
9
Suppose 2*u + 17 - 93 = 0. What is the units digit of u?
8
Suppose 5*h - 2*g - 58 = 0, -4*h = -g + 6*g - 20. Let p be 168/5 - (-4)/h. Let a = p + -21. What is the units digit of a?
3
Suppose -175 = -5*u + 160. What is the units digit of u?
7
Let i(m) = -11*m + 0*m**2 + 0 - m**2 - 8 - 2. What is the units digit of i(-8)?
4
Suppose 3*p = -p. Suppose -5*k - 26 = -2*f, k - 3*k - 8 = p. Suppose f*s - 21 = -9. What is the units digit of s?
4
Suppose -6*r + r = 0. Let u(f) = f + 2. What is the units digit of u(r)?
2
Let j = -7 + 10. Let z(x) = 5*x**3 - 2*x**2 - x + 3. Let n(p) = 14*p**3 - 6*p**2 - 2*p + 9. Let b(m) = 4*n(m) - 11*z(m). What is the tens digit of b(j)?
2
Suppose 3*l - 2*w - 65 = 0, 4*l - 65 = -4*w + 15. What is the tens digit of l?
2
Let o(b) = -b**3 + 2*b**2 - b + 1. Let v be o(-2). Suppose g + 0*g + y = 17, 3*g = 5*y + v. What is the units digit of g?
3
Suppose 3*f = -3 + 39. What is the tens digit 